p).
1
Let z = 3 + 2. Suppose -w = t, 3*t - 7 = z*w + 9. Let c(h) = h + 1 + 0*h - 3*h. Give c(w).
5
Let r(h) = -h**3 + 22*h**2 - 40*h - 4. Let y be r(20). Let v(j) = -j**3 - 4*j**2 + 2*j + 4. What is v(y)?
-4
Let f(j) = j + 5. Let d be f(-3). Let g(t) be the first derivative of t**4/4 - 2*t**3 + t**2 + 2*t - 1. Determine g(d).
-10
Suppose 5*i - z + 4 = -15, 15 = -3*i - 3*z. Let c(p) = -p - 7. Let r(u) be the second derivative of 4*u**2 - 5*u. Let t(n) = 3*c(n) + 2*r(n). Give t(i).
7
Let d(q) = 13*q**2 + 2*q + 4. Let i(n) = -11*n**2 - 2*n - 3. Let p(s) = 4*d(s) + 5*i(s). Let c be -1 + -1 + 2 + -2. What is p(c)?
-7
Let c(p) be the second derivative of p**6/120 - p**5/30 - p**4/12 + 2*p**3/3 + 2*p**2 + p. Let z(g) be the first derivative of c(g). Give z(3).
7
Let r(n) = 7 - 4*n**3 + n**3 + 6*n**3 - 4*n**3 - 5*n**2 + 2*n. Calculate r(-5).
-3
Let o(i) = 2*i**2 - 3*i + 4. Suppose -w = 4*d + 13, w - 6*w + 4*d = -31. What is o(w)?
13
Suppose -4*x = -4*u + 36, -u - 3*x + 2*x = -1. Suppose 0 = -t - 3*g - 6, 2*t = -3*t + g - 30. Let v = u + t. Let n(a) = 3*a**2 + 1. Give n(v).
4
Let v(l) be the second derivative of -l**6/360 + l**5/120 + l**3 + 6*l. Let p(u) be the second derivative of v(u). What is p(-2)?
-6
Suppose 15 = 3*h + 3. Let o(b) = -b**3 + 4*b**2 - b. What is o(h)?
-4
Let u(h) = h**2 + 3*h + 3*h - 77 + 82. What is u(-4)?
-3
Let p(c) = c**3 + 7*c**2 + 5*c - 4. Let x(b) = -b + b**2 - 6 + 3*b + 5*b. Let u be x(-7). Calculate p(u).
2
Let p(l) be the third derivative of -l**6/240 + l**5/120 - l**4/4 - 2*l**2. Let m(x) be the second derivative of p(x). Calculate m(5).
-14
Let m(k) = -k - 10. Let b(r) = -2. Let f(g) = 3*b(g) + m(g). Calculate f(0).
-16
Let q(p) = p**3 + p. Suppose -b - 3*c - 7 = 0, 2*c + 5 = b - 3. Let f(v) = v**3 - 3*v**2 + 3*v - 3. Let n be f(b). Calculate q(n).
-2
Let y be (-2 + 32/10)*(-15)/(-6). Let m(b) = b**3 - 4*b - 1. Determine m(y).
14
Let o(f) = -f**2 - 3*f - 1. Let y = 1 - 0. Suppose 0*m = 6*m - 24. Let b be (6/m)/(y/(-2)). What is o(b)?
-1
Let h(g) = -7*g + 8. Let c(o) = o - 1. Let f be ((-18)/10)/((-12)/40). Let p(d) = f*c(d) + h(d). What is p(2)?
0
Let b(v) = -v**2. Let t(g) = 7*g**2 + 4*g - 2. Let k(h) = 6*b(h) + t(h). Suppose 0 = f + 9 - 4. Calculate k(f).
3
Let r(m) = 2*m**2 + 5*m - 9. Let x be r(-4). Let l(n) = -n**3 + 3*n**2 + 4*n - 4. Calculate l(x).
8
Suppose 4*m - 2 - 10 = 4*x, 0 = -3*m + 5*x + 9. Suppose m*o = 4*o - 1. Let a(b) = -3*b**3 + 2*b**2 - 1. What is a(o)?
-2
Let n(i) = -18*i**3 - 2*i**2 - 1 + 8*i**3 + 12*i**3. Let f = 1 - -1. Determine n(f).
7
Let h(q) = -q**2 - 7*q - 6. Let b be h(-5). Suppose 3*w - b = -16. Let f(j) be the first derivative of -j**3/3 - 7*j**2/2 - 5*j - 8. Give f(w).
7
Let y(k) = k**2 + 2*k + 2. Let h = -6 + 4. Give y(h).
2
Let j(p) be the third derivative of -p**6/720 - p**5/24 - p**4/4 - 2*p**2. Let y(x) be the second derivative of j(x). Determine y(0).
-5
Let a(u) = -7*u**3 - 8*u**2 - 6*u + 3. Let b(r) = 3*r**3 + 4*r**2 + 3*r - 2. Let i(k) = -2*a(k) - 5*b(k). Give i(-3).
4
Let h(a) = a**2 - 3*a - 6. Let n = 5 + 1. Determine h(n).
12
Suppose -h - 9 = 5*m, -2*h = -2*m - 1 - 5. Let s(q) = h - 3*q + 0 + 2*q. Let a = 16 + -11. Calculate s(a).
-4
Let q(d) = 3*d + 2. Let r(s) = s**2 - 4*s - 2. Let z be r(5). Suppose 4*j = z*o - 18, 11 = -2*o - 4*j - j. Let u = o + -4. What is q(u)?
-4
Let y(v) be the second derivative of -v**4/24 - 5*v**3/6 + 7*v**2/2 + 5*v. Let g(w) be the first derivative of y(w). Give g(5).
-10
Let c(l) = l**2 + 7*l - 3. Let z be c(-8). Let d(g) = -3*g. Calculate d(z).
-15
Suppose -5*y + 16 - 41 = 0. Let h(p) = -7*p**2 + 3*p + 1. Let v(z) = 4*z**2 - 2*z - 1. Let m(f) = y*v(f) - 3*h(f). Calculate m(-2).
4
Let d(n) = n**3 + 6*n**2 - 9*n - 10. Let u be d(-7). Let i(x) = -10*x**2 + 4 - 4 - 1 + 2*x - u*x. What is i(-1)?
-9
Suppose 0 = p + 1 - 4. Let c = p - 0. Let k(g) = 1 - 1 + c*g. Give k(-2).
-6
Let k be 4/(0 + -2) - -5. Suppose -k*z = -2*z - 3. Let h(s) = -2*s**3 + 3*s + 3*s**3 + 1 + s - 3 - 4*s**2. Determine h(z).
1
Let l(w) = -3*w + 5*w**2 + 6 - w**3 - 9 - w**2. What is l(3)?
-3
Let m(k) be the third derivative of k**6/120 - k**5/30 - k**4/24 - k**3/2 + 7*k**2. Give m(3).
3
Let o(a) = -a + 5. Suppose -94 = -5*x - 119. What is o(x)?
10
Let b(t) = -t**2 - 7*t - 4. Suppose -4*p = -61 + 73. Determine b(p).
8
Suppose -3 = -2*o + 5*o, -5*o = 5*w. Let s(x) = 0 + 2*x - 3 + 5 - 1. Calculate s(w).
3
Let q(s) be the third derivative of s**4/3 + 4*s**2. Determine q(-1).
-8
Let m(c) = c + 2. Suppose -4*l - 6 = -z - 0*z, 4*z + l = 7. Suppose z*w = 4*w + 12. What is m(w)?
-4
Let g(l) be the second derivative of -1/12*l**4 - 5/6*l**3 - 7/2*l**2 + 0 - 3*l. Suppose 4*w = 2*w - 10. What is g(w)?
-7
Let i(j) = -9*j - 3*j**2 - 2 + 4*j**2 + 6. Let k be i(8). Let t(x) = -6*x - 4. Let g(c) = -5*c - 4. Let b(m) = 5*g(m) - 4*t(m). Determine b(k).
0
Let o(q) be the third derivative of q**6/120 + 3*q**5/20 - q**4/24 - q**3/6 - 34*q**2. What is o(-9)?
8
Let f(d) be the third derivative of d**5/60 + 5*d**4/12 + 11*d**3/6 - 27*d**2. Give f(-9).
2
Let p(d) be the third derivative of d**4/8 - d**3/3 + 4*d**2. Let r(s) = -1. Let t be -4*(1/1 - 0). Let v(h) = t*r(h) - p(h). What is v(4)?
-6
Let z(v) = -9*v**2 + 6*v - 15. Let k(f) = 7 - f + 3 - 4. Let r be k(-5). Let y(s) = 5*s**2 - 3*s + 8. Let h(x) = r*y(x) + 6*z(x). What is h(2)?
8
Let n be -4*(-3)/(-3)*-1. Let u(d) = -d**2 - d - 1. Let h(t) = -t**3 - 8*t**2 - 4*t - 1. Let w(s) = n*u(s) - h(s). Suppose 2*v = -3*v - 20. Calculate w(v).
-3
Let t(c) = -4*c**2 + 3*c. Let o = -38 - -40. Calculate t(o).
-10
Let j(i) be the second derivative of -i**3/6 - i**2 + 7*i. Let b(v) = -v**3 + 6*v**2 - 7*v + 6. Let x be b(5). What is j(x)?
2
Let k(a) = a**3 + 3*a**2 - a + 1. Suppose 0 = -2*v + 3*g - 18, -5*g + 0*g = -20. Determine k(v).
4
Let n(c) = c**2 + 5*c + 6. Suppose 5 = y + 5*d, 3*y = -3*d + d - 11. Give n(y).
6
Let d(g) = -214*g**2 + 0 + g + g + 210*g**2 + 1. Determine d(-1).
-5
Let w(m) = 2*m + 4. Let r(f) = -f**3 - 10*f**2 - f + 7. Let l(t) = -t**2 + 1. Let j(u) = 6*l(u) - r(u). Suppose -5*p + 5 = 25. Let h be j(p). Give w(h).
-6
Let f(h) = -h**2 - 5*h + 8. Let o(x) = -x**2 + 9*x + 4. Let u be o(10). Calculate f(u).
2
Suppose -4*x - 7 = 1. Let t(z) = 2*z**3 + 4*z**2 + 3*z + 1. What is t(x)?
-5
Let i(v) = -6*v**2 - 10*v**2 + 0*v**2 - 3 + 19*v**2 - 5*v. Calculate i(4).
25
Let g(n) = n**2 + 6*n - 4. Suppose 6*u - 10*u = 20. Calculate g(u).
-9
Let c(q) = -q**2 - 9*q - 3. Let h = 3 - 9. Let a(v) = -2*v**2 - 18*v - 7. Let f(z) = h*a(z) + 11*c(z). Give f(-7).
-5
Let p = -14 + 18. Let y(s) = -s**2 + 7*s - 3. Calculate y(p).
9
Suppose 0 = 14*y - 6*y + 56. Let r(k) = 2*k + 6. What is r(y)?
-8
Suppose 3*d - 1 = 2. Let j = d - -2. Suppose -j = 3*a + 6. Let u(n) = -n**2 - n. Determine u(a).
-6
Let q(r) = -r**2 - 5*r + 3. Suppose -5*p - 5*c = 30, 5*p + 20 = c - 4. Give q(p).
3
Let j(y) = -y**2 + 5*y - 5. Let l be j(5). Let d = l + 2. Let x(v) = -v**2 + v + 4. What is x(d)?
-8
Let c(p) = -7*p + 0*p + 8*p - 5*p**2 + p**3 + 1 - 2*p**2. Give c(7).
8
Let q(k) = k**2 + k - 1. Suppose 6*g = 2*g - 4. Let z(m) = m**3 - 3*m**2 + 11*m - 2. Let j(i) = g*z(i) + 4*q(i). Calculate j(6).
-8
Let l(f) = -13*f**2 - f**2 + 0*f - f. What is l(-1)?
-13
Let l(h) = -3*h**2 - h - 8. Let k(n) = -4*n**2 - 2*n - 12. Let t(p) = -5*k(p) + 7*l(p). Determine t(4).
0
Let w = -29 + 19. Let f(s) = -s - 1. Determine f(w).
9
Let k(d) = d**3 - 3*d**2 - d. Let x be (-3 + (-28)/(-8))*4. Calculate k(x).
-6
Let a(h) = -3*h**3 + 5*h**2 + 7*h + 2. Let c(q) = -4*q**3 + 5*q**2 + 7*q + 2. Let u = -21 + 23. Let l(m) = u*c(m) - 3*a(m). Determine l(6).
-8
Let t(g) = 2*g**2 + 2*g + 6. Suppose 2*i - 5*c = -8, -4*i + c = -0*c + 16. Calculate t(i).
30
Let y(j) = j**2 + 2*j + 3. Suppose -5 = 5*g + 5. Determine y(g).
3
Let n(g) = -g. Let d be (2/4 + 2)*-2. Let y(v) be the second derivative of -7*v**3/6 + 3*v**2 - 2*v. Let w(m) = d*n(m) + y(m). Determine w(5).
-4
Let v = -75 - -68. Let z(i) = i. Let p(n) = 4*n + 6. Let b(s) = -p(s) + 3*z(s). Give b(v).
1
Let k(g) be the first derivative of g + 3 + 1/2*g**2. Calculate k(-4).
-3
Let b(i) = i**2 + 6*i. Suppose 2*h + 6 - 14 = 0. Suppose -x + 2*x = -h. Calculate b(x).
-8
Let o be (-2)/(-4) - (-28)/8. Suppose -3*s + 5*s + o = 0. Let p(m) = 1 + 4*m + 1 - m. Calculate p(s).
-4
L